Determine n(7).
-8
Let h(i) = i**2 + i - 27. What is h(-8)?
29
Let z(r) = 14*r**2 - r + 1. Calculate z(1).
14
Let z(h) = -22*h - 2. Determine z(-6).
130
Let h(u) = u**3 - 19*u**2 + 21*u - 62. What is h(18)?
-8
Let q(j) = -3*j**2 + 5*j - 2. Give q(2).
-4
Let w(y) = -63*y + 106. What is w(2)?
-20
Let d(h) = h**3 - 26*h**2 + 87*h + 3. What is d(22)?
-19
Let f(v) = -v - 28. Calculate f(0).
-28
Let c(k) = k + 17. What is c(-14)?
3
Let z(c) = -5*c**3 + c. Calculate z(-2).
38
Let d(v) = -2*v**3 - v**2 - 2*v - 3. Give d(-2).
13
Let b(x) = 2*x - 9. What is b(1)?
-7
Let z(w) = w**2 + 10*w - 25. Calculate z(-12).
-1
Let l(g) = g**3 + 5*g**2 - 13*g + 20. What is l(-7)?
13
Let k(s) = -2*s**2 - 9*s - 1. Give k(-7).
-36
Let l(v) = -v**3 - 6*v**2 - 4*v - 4. What is l(-6)?
20
Let u(p) = p**3 - 6*p**2 - 2*p + 14. What is u(6)?
2
Let y(x) = -x - 34. Calculate y(0).
-34
Let f(n) = -2*n**3 + 5*n**2 - 2*n. Calculate f(2).
0
Let i(g) = -6*g - 15. Calculate i(-7).
27
Let y(p) = 9*p - 45. What is y(6)?
9
Let n(q) = -10*q + 129. Calculate n(13).
-1
Let i(y) = y**2 + 8*y - 5. Determine i(-10).
15
Let d(w) = -6*w - 109. Calculate d(-18).
-1
Let s(z) = z**2 - 4*z + 4. What is s(5)?
9
Let m(j) = -2*j + 24. Give m(10).
4
Let k(t) = -t**3 + t**2 + 11*t - 7. Determine k(4).
-11
Let t(i) = 2*i**3 + 35*i**2 - 20*i - 26. Give t(-18).
10
Let a(u) = u**2 - 2*u. Determine a(2).
0
Let g(c) = -c**2 + 12*c + 50. Determine g(15).
5
Let d(p) = p**3 - 17*p**2 + 32*p + 13. Determine d(15).
43
Let j(m) = -14*m**3 + 3*m + 1. Determine j(2).
-105
Let j(g) = -6*g + 1. Determine j(-3).
19
Let y(p) = 2*p**3 + 16*p**2 - 41*p - 12. Give y(-10).
-2
Let n(h) = -26*h**3 - h**2 - 5*h - 3. Determine n(-1).
27
Let h(y) = y**3 + 3*y**2 + 3*y - 17. Determine h(-5).
-82
Let r(v) = -v + 4. Give r(6).
-2
Let a(u) = u**2 - 15*u + 21. What is a(14)?
7
Let c(v) = -2*v**2 - 11*v + 37. Determine c(-8).
-3
Let x(u) = -6*u - 9. Give x(-2).
3
Let g(c) = -3*c + 23. Calculate g(11).
-10
Let h(c) = 2*c**3 + 10*c**2 + c - 3. What is h(-4)?
25
Let d(q) = 2*q**2 + 30*q - 1. Give d(-15).
-1
Let a(l) = l**3 - l**2 - 2*l + 7. What is a(0)?
7
Let y(l) = -l**2 - l + 2. What is y(-9)?
-70
Let p(s) = -s**2 - 4*s + 23. Give p(3).
2
Let y(b) = -b**3 - 10*b**2 + 9. What is y(-10)?
9
Let b(n) = 6*n + 7. What is b(-3)?
-11
Let z(d) = -12*d - 1. Determine z(1).
-13
Let s(t) = 10*t**2 - t + 1. What is s(1)?
10
Let k(y) = y**3 - 5*y**2 + 2*y + 2. Determine k(2).
-6
Let f(q) = q**3 - 43*q**2 + 40*q + 90. Calculate f(42).
6
Let k(v) = -v**3 + 76*v**2 - 11*v + 834. Calculate k(76).
-2
Let y(z) = -z**3 - 7*z**2 - 7*z + 1. Calculate y(-5).
-14
Let v(p) = p**2 + 13*p + 5. Calculate v(-13).
5
Let c(j) = j**3 + j**2 + 6*j + 8. Give c(-2).
-8
Let r(i) = i**2 + 8*i + 2. What is r(-8)?
2
Let q(y) = 292*y - 882. Calculate q(3).
-6
Let p(m) = m**2 - 2*m + 9. Determine p(0).
9
Let d(g) = -4*g**3 - 2*g**2 + 1. Calculate d(1).
-5
Let b(l) = -l + 19. Calculate b(5).
14
Let b(l) = -9*l + 147. Give b(17).
-6
Let g(i) = -2*i**2 + 40*i - 39. Give g(19).
-1
Let g(q) = -2*q**2. What is g(1)?
-2
Let y(i) = -i**2 + i - 5. Give y(2).
-7
Let s(l) = 4*l + 15. Give s(0).
15
Let w(h) = h**3 + 11*h**2 + 23*h - 3. Calculate w(-8).
5
Let h(p) = p**3 - p**2 - 2. Calculate h(0).
-2
Let t(o) = 4*o - 6. What is t(5)?
14
Let d(s) = 4*s - 61. What is d(16)?
3
Let a(q) = -7*q + 325. Give a(47).
-4
Let f(k) = 4*k**2. Determine f(-2).
16
Let a(h) = -6*h + 14. What is a(4)?
-10
Let i(t) = t**2 - 5*t + 5. What is i(6)?
11
Let r(f) = -f**3 + 6*f**2 - 4*f + 4. Give r(5).
9
Let l(b) = 2*b**3 - 25*b**2 + 11*b + 16. Calculate l(12).
4
Let b(o) = -2*o**2 + 13*o - 7. Calculate b(6).
-1
Let a(q) = -98*q + 1859. Give a(19).
-3
Let z(h) = -15*h**2 + 2. Give z(2).
-58
Let c(t) = -15*t + 4. Give c(1).
-11
Let v(a) = -a**3 - 2*a**2 + 5*a + 5. Give v(-3).
-1
Let k(h) = 2*h**3 + 3*h**2 + 2*h + 1. Determine k(-2).
-7
Let m(n) = -n**3 + 9*n**2 + 16*n + 5. What is m(11)?
-61
Let k(z) = z**2 - z - 20. Calculate k(6).
10
Let s(d) = -d**3 + 7*d**2 - 18. What is s(7)?
-18
Let r(j) = -j**3 - 7*j**2 + 5*j + 5. Give r(-7).
-30
Let m(k) = -6*k - 2. Give m(9).
-56
Let w(z) = -16*z**2 + 3*z + 1. What is w(-1)?
-18
Let x(r) = 2*r**2 - r + 9. What is x(3)?
24
Let c(l) = l**3 + 4*l**2 - 13*l + 4. Determine c(-6).
10
Let b(y) = 2*y**2 - 23*y - 1. Determine b(12).
11
Let l(q) = 7*q**3 + 3*q**2 + 6*q + 5. What is l(-2)?
-51
Let w(l) = l**3 + 2*l**2 + 4*l + 6. Give w(-3).
-15
Let h(x) = x + 4. Determine h(-14).
-10
Let b(t) = -t**2 + 10*t - 11. Calculate b(9).
-2
Let a(x) = x**2 + 19*x + 54. Determine a(-10).
-36
Let g(d) = -25*d - 154. Determine g(-6).
-4
Let m(d) = -d**3 + 15*d**2 - d + 8. Give m(15).
-7
Let r(u) = -5*u + 61. What is r(13)?
-4
Let a(g) = -27*g + 4. What is a(1)?
-23
Let k(n) = 4*n - 5. Determine k(3).
7
Let d(j) = j**2 + 6*j + 12. What is d(-4)?
4
Let j(i) = i**3 + 13*i**2 - 14*i + 5. Give j(-14).
5
Let n(v) = -v**3 - 15*v**2 + 16*v. Determine n(-16).
0
Let d(w) = -14*w**3 + 1. Give d(-1).
15
Let r(u) = u**2 + 43*u + 363. Calculate r(-32).
11
Let z(u) = -4*u - 3. Calculate z(3).
-15
Let v(f) = -25*f + 18. What is v(3)?
-57
Let r(p) = -p**3 - p**2 - 7*p - 17. Give r(-4).
59
Let t(h) = -h**3 + 10*h**2 + 20. Give t(10).
20
Let a(j) = -j**2 + 8*j. What is a(7)?
7
Let v(t) = 2*t**2 - 2*t - 9. Give v(-2).
3
Let d(c) = 3*c**2 - 2*c - 4. Determine d(-2).
12
Let c(t) = -3*t**2 - 126*t + 124. Calculate c(-43).
-5
Let c(b) = 25*b + 295. What is c(-12)?
-5
Let g(o) = o**2 - 32*o + 34. Determine g(31).
3
Let p(o) = o**3 - 5*o**2 + 3*o + 6. What is p(4)?
2
Let k(n) = -2*n**3 + 13*n**2 - 8*n - 6. Calculate k(6).
-18
Let r(y) = -y**2 - 9*y + 9. Give r(-10).
-1
Let j(y) = y**2 - 23*y + 22. Determine j(20).
-38
Let q(w) = -w**2 + 12*w + 16. Determine q(13).
3
Let h(g) = -g**2 - 5*g - 9. Give h(-4).
-5
Let m(v) = -v**2 - 11*v + 10. Determine m(-9).
28
Let f(k) = 2*k**2 + k + 8. Calculate f(3).
29
Let a(l) = -l**3 + 14*l**2 - 16*l + 4. What is a(13)?
-35
Let d(x) = -x**2 + 4*x - 2. Calculate d(4).
-2
Let y(s) = s**2 - 12*s - 323. Give y(-13).
2
Let z(a) = a**3 + 9*a**2 + 11*a + 9. Give z(-6).
51
Let t(z) = -z**2 - z + 1. Calculate t(2).
-5
Let u(q) = -q**3 + 11*q**2 - 25*q - 19. Calculate u(7).
2
Let n(r) = r**2 - 6*r - 3. What is n(7)?
4
Let y(g) = g**2 - 18*g + 81. Give y(6).
9
Let u(y) = -y**2 + 52*y - 237. Give u(47).
-2
Let q(j) = -j**3 - 17*j**2 - 68*j + 30. What is q(-8)?
-2
Let k(d) = -2*d - 30. Give k(-18).
6
Let n(o) = -3*o**3 - 14*o**2 - 4*o + 10. Give n(-5).
55
Let j(x) = 7*x - 50. Determine j(6).
-8
Let m(v) = v**3 - 5*v**2 + 3*v. What is m(4)?
-4
Let g(y) = -26*y - 10. Determine g(-1).
16
Let b(z) = 5*z - 32. Determine b(6).
-2
Let v(q) = 70*q + 5. Determine v(1).
75
Let i(k) = -k**3 + k**2 + 3*k + 3. Give i(3).
-6
Let k(o) = 6*o + 34. Determine k(-15).
-56
Let u(m) = 21*m + 12. Determine u(0).
12
Let z(j) = 6*j. Give z(-9).
-54
Let f(k) = 2*k - 13. What is f(11)?
9
Let a(l) = -l**2 - 23*l + 157. Give a(6).
-17
Let k(z) = 3*z**2 - 2*z + 46. Calculate k(0).
46
Let h(z) = z + 5. Determine h(-5).
0
Let m(z) = z**3 + 5*z**2 - 3*z - 9. Determine m(-5).
6
Let d(k) = -k**2 + 15*k + 23. Calculate d(17).
-11
Let f(y) = -3*y**3 - 19*y**2 + 17*y + 17. What is f(-7)?
-4
Let a(y) = -y**3 - 8*y**2 - y - 26. Calculate a(-8).
-18
Let s(b) = -8*b**2 - b + 1. Calculate s(-2).
-29
Let z(l) = l**2 - l - 12. Give z(5).
8
Let n(j) = 2*j**2 + 9*j + 10. Give n(-6).
28
Let c(t) = -2*t**2 + 12*t + 1. Calculate c(5).
11
Let h(w) = -3*w + 14. What is h(19)?
-43
Let w(l) = 2*l + 45. Calculate w(-22).
1
Let o(k) = -k - 5. Calculate o(-13).
8
Let i(p) = p**2 + 16*p + 26. What is i(-14)?
-2
Let z(d) = -2*d**2 + 12*d + 19. What is z(7)?
5
Let l(u) = -3*u - 33. Determine l(-9).
-6
Let h(d) = -d**3 + 8*d**2 + 11. Determine h(8).
11
Let p(j) = -13*j - 404. Determine p(-32).
12
Let y(a) = 9*a**2 + 3*a - 2. What is y(-1)?
4
Let s(z) = -z**2 - 10*z - 8. Give s(-4).
16
Let l(y) = -2*y - 2. What is l(-7)?
12
Let m(r) = -3*r + 4. Calculate m(-6).
22
Let v(h) = -6*h**2 - h - 2. Calculate v(-1).
-7
Let p(q) = -q**3 + 4*q**2 - 3*q + 6. Give p(4).
-6
Let s(p) = p**3 + 11*p**2 - 33*p - 18. What is s(-13)?
73
Let o(z) = -9*z - 183. Calculate o(-20).
-3
Let p(q) = -q**3 + 2*q**2 - q + 21. Give p(0).
21
Let t(m) = -m**3 + 2*m**2 + 2*m - 4. Dete